se 4.
23
What is -250 (base 6) in base 2?
-1100110
Convert -3 (base 13) to base 14.
-3
Convert -9 (base 10) to base 7.
-12
6 (base 12) to base 2
110
-212 (base 10) to base 3
-21212
Convert -20 (base 5) to base 6.
-14
What is -94 (base 16) in base 10?
-148
What is -3a (base 11) in base 9?
-47
3 (base 13) to base 11
3
52 (base 6) to base 12
28
What is -28 (base 16) in base 12?
-34
What is -11 (base 2) in base 4?
-3
Convert 5d (base 15) to base 10.
88
Convert -1 (base 9) to base 11.
-1
What is 3 (base 15) in base 4?
3
Convert 19b (base 12) to base 11.
21a
Convert 9b (base 15) to base 16.
92
Convert -166 (base 9) to base 2.
-10001101
-6 (base 11) to base 15
-6
Convert 3 (base 14) to base 5.
3
0 (base 7) to base 11
0
What is 110 (base 2) in base 12?
6
Convert -1101 (base 2) to base 5.
-23
Convert -2a (base 11) to base 10.
-32
-37 (base 15) to base 9
-57
What is 140 (base 8) in base 3?
10120
1 (base 11) to base 5
1
Convert 1010001 (base 2) to base 4.
1101
What is -3a (base 14) in base 11?
-48
What is 33 (base 5) in base 16?
12
-3 (base 6) to base 10
-3
Convert -7 (base 12) to base 9.
-7
What is 8a (base 12) in base 5?
411
Convert 11 (base 10) to base 13.
b
Convert -10100010 (base 2) to base 11.
-138
42 (base 11) to base 6
114
What is -2 (base 15) in base 12?
-2
4 (base 9) to base 4
10
What is -2 (base 4) in base 14?
-2
What is -10 (base 6) in base 10?
-6
Convert -2 (base 13) to base 9.
-2
What is 1 (base 11) in base 6?
1
Convert 5 (base 7) to base 8.
5
What is 12 (base 5) in base 12?
7
What is -3 (base 8) in base 7?
-3
-103 (base 7) to base 15
-37
Convert -2 (base 8) to base 14.
-2
-d (base 14) to base 5
-23
Convert 33 (base 6) to base 14.
17
Convert 10 (base 9) to base 10.
9
25 (base 8) to base 3
210
What is 17 (base 11) in base 8?
22
-13 (base 6) to base 14
-9
Convert 1 (base 5) to base 15.
1
What is -a (base 11) in base 3?
-101
-121 (base 4) to base 5
-100
327 (base 8) to base 2
11010111
Convert 2 (base 16) to base 4.
2
1000 (base 2) to base 7
11
Convert 1022 (base 5) to base 14.
9b
Convert 21 (base 3) to base 7.
10
Convert -72 (base 10) to base 5.
-242
-1 (base 9) to base 4
-1
Convert 72 (base 16) to base 14.
82
Convert -20211 (base 3) to base 16.
-b8
-14 (base 6) to base 16
-a
What is -1111 (base 2) in base 10?
-15
6 (base 10) to base 16
6
What is 7 (base 13) in base 16?
7
Convert 2 (base 11) to base 4.
2
11 (base 7) to base 12
8
6 (base 12) to base 15
6
0 (base 15) to base 10
0
-11000 (base 2) to base 4
-120
What is -6 (base 16) in base 6?
-10
What is -28 (base 14) in base 7?
-51
2 (base 4) to base 6
2
Convert 43 (base 14) to base 16.
3b
Convert 4 (base 10) to base 15.
4
What is 0 (base 16) in base 10?
0
Convert -4 (base 13) to base 7.
-4
What is -4 (base 10) in base 5?
-4
5 (base 11) to base 10
5
Convert -6d (base 16) to base 14.
-7b
What is 112 (base 7) in base 14?
42
What is -28 (base 14) in base 12?
-30
-5 (base 8) to base 6
-5
What is f6 (base 16) in base 9?
303
Convert 30 (base 5) to base 12.
13
What is -4 (base 9) in base 3?
-11
Convert -6 (base 16) to base 3.
-20
Convert 202 (base 3) to base 13.
17
-3 (base 8) to base 5
-3
What is -2 (base 5) in base 13?
-2
Convert -3 (base 6) to base 9.
-3
4 (base 9) to base 12
4
-4 (base 16) to base 3
-11
What is 2 (base 15) in base 7?
2
What is -1 (base 10) in base 4?
-1
Convert 300 (base 6) to base 15.
73
What is 10 (base 8) in base 9?
8
Convert -1 (base 6) to base 12.
-1
-10 (base 2) to base 13
-2
What is 3 (base 8) in base 7?
3
-33 (base 7) to base 8
-30
What is 36 (base 7) in base 6?
43
Convert 8 (base 11) to base 9.
8
Convert 123 (base 4) to base 12.
23
-43 (base 9) to base 6
-103
-3 (base 16) to base 15
-3
What is 37 (base 16) in base 2?
110111
What is 5 (base 13) in base 6?
5
What is 103 (base 15) in base 12?
170
0 (base 16) to base 8
0
What is -300 (base 5) in base 3?
-2210
Convert 258 (base 11) to base 3.
102022
What is 41 (base 10) in base 11?
38
What is 122 (base 6) in base 5?
200
Convert 18 (base 9) to base 10.
17
Convert -103 (base 7) to base 4.
-310
-4 (base 12) to base 13
-4
What is -2 (base 11) in base 15?
-2
Convert -1 (base 14) to base 3.
-1
22b (base 13) to base 10
375
1 (base 2) to base 3
1
What is 52 (base 12) in base 6?
142
Convert 15 (base 16) to base 11.
1a
-4 (base 13) to base 16
-4
Convert 0 (base 5) to base 15.
0
2 (base 13) to base 8
2
1 (base 3) to base 14
1
What is -14 (base 10) in base 13?
-11
Convert 2a (base 16) to base 3.
1120
13 (base 11) to base 13
11
-7 (base 10) to base 8
-7
Convert -6 (base 10) to base 4.
-12
What is 41 (base 12) in base 2?
110001
Convert 18 (base 14) to base 15.
17
What is 5 (base 11) in base 8?
5
What is -11 (base 6) in base 9?
-7
Convert 10 (base 3) to base 14.
3
What is 121 (base 3) in base 6?
24
5 (base 12) to base 9
5
-2011 (base 3) to base 6
-134
What is 1 (base 6) in base 5?
1
4 (base 10) to base 11
4
What is 111 (base 4) in base 16?
15
Convert -9 (base 13) to base 5.
-14
What is 0 (base 13) in base 5?
0
What is 4 (base 8) in base 13?
4
Convert 111 (base 2) to base 14.
7
31 (base 12) to base 16
25
12 (base 4) to base 15
6
Convert 35 (base 16) to base 4.
311
Convert -1 (base 12) to base 8.
-1
Convert -5 (base 14) to base 15.
-5
-3 (base 15) to base 9
-3
What is -111 (base 7) in base 4?
-321
Convert -2 (base 15) to base 16.
-2
1 (base 13) to base 2
1
100 (base 4) to base 14
12
Convert 3 (base 10) to base 8.
3
13 (base 5) to base 11
8
What is -9 (base 15) in base 13?
-9
What is -12 (base 4) in base 10?
-6
16 (base 8) to base 11
13
What is 72 (base 9) in base 6?
145
-232 (base 4) to base 3
-1201
Convert -52 (base 8) to base 4.
-222
Convert 10010101 (base 2) to base 6.
405
4 (base 9) to base 6
4
-3 (base 16) to base 11
-3
What is -113 (base 6) in base 2?
-101101
Convert 0 (base 16) to base 4.
0
-6 (base 9) to base 3
-20
Convert -9 (base 12) to base 7.
-12
-4 (base 10) to base 7
-4
Convert 9 (base 15) to base 5.
14
Convert -2 (base 7) to base 9.
-2
What is -51 (base 7) in base 13?
-2a
0 (base 2) to base 7
0
What is 21 (base 3) in base 14?
7
-330 (base 4) to base 15
-40
Convert -2 (base 10) to base 2.
-10
Convert 10 (base 2) to base 12.
2
55 (base 8) to base 4
231
Convert -1010 (base 2) to base 12.
-a
91 (base 10) to base 16
5b
What is 11 (base 3) in base 6?
4
Convert 200 (base 6) to base 4.
1020
Convert -c (base 14) to base 4.
-30
Convert -7 (base 16) to base 8.
-7
Convert -5 (base 13) to base 10.
-5
-11 (base 3) to base 14
-4
0 (base 12) to base 8
0
What is 324 (base 5) in base 4?
1121
What is 14 (base 11) in base 9?
16
What is -141 (base 8) in base 2?
-1100001
7 (base 15) to base 4
13
What is -37 (base 8) in base 13?
-25
-21 (base 11) to base 14
-19
-29 (base 12) to base 13
-27
-11 (base 9) to base 3
-101
Convert -10 (base 6) to base 8.
-6
What is -8 (base 12) in base 8?
-10
10221 (base 3) to base 13
82
What is -21020 (base 3) in base 9?
-236
-159 (base 10) to base 3
-12220
Convert -6 (base 7) to base 10.
-6
What is -3 (base 8) in base 16?
-3
Convert -17 (base 12) to base 16.
-13
Convert 8 (base 11) to base 16.
8
Convert -5 (base 15) to base 5.
-10
Convert -31 (base 6) to base 2.
-10011
Convert -7 (base 14) to base 5.
-12
Convert -3a (base 15) to base 2.
-110111
52 (base 10) to base 12
44
4 (base 5) to base 10
4
What is 18 (base 11) in base 5?
34
Convert e8 (base 15) to base 2.
11011010
What is -20112 (base 3) in base 5?
-1201
What is 20 (base 9) in base 8?
22
What is 11 (base 12) in base 16?
d
-3 (base 14) to base 11
-3
Convert 28 (base 13) to base 11.
31
a (base 11) to base 10
10
Convert -7 (base 8) to base 15.
-7
What is 100 (base 3) in base 10?
9
-1 (base 6) to base 14
-1
-3 (base 12) to base 3
-10
-73 (base 16) to base 6
-311
What is a (base 12) in base 7?
13
a (base 16) to base 2
1010
-1 (base 13) to base 15
-1
What is 301 (base 5) in base 12?
64
What is 0 (base 11) in base 13?
0
1 (base 13) to base 2
1
What is -2111 (base 3) in base 6?
-151
Convert -3 (base 5) to base 12.
-3
Convert 10101011 (base 2) to base 15.
b6
Convert -1 (base 9) to base 6.
-1
Convert 7 (base 9) to base 2.
111
11 (base 2) to base 6
3
Convert 211 (base 4) to base 11.
34
1 (base 4) to base 10
1
2 (base 16) to base 8
2
Convert 12 (base 5) to base 4.
13
Convert 29 (base 10) to base 3.
1002
Convert 3 (base 13) to base 14.
3
Convert -9a (base 16) to base 6.
-414
